{"id":418,"date":"2025-07-29T15:41:31","date_gmt":"2025-07-29T15:41:31","guid":{"rendered":"https:\/\/lesamisdismailkadare.com\/?page_id=418"},"modified":"2025-07-29T15:59:26","modified_gmt":"2025-07-29T15:59:26","slug":"mentions-legales","status":"publish","type":"page","link":"https:\/\/lesamisdismailkadare.com\/?page_id=418","title":{"rendered":"Mentions l\u00e9gales"},"content":{"rendered":"\n<p>\u00ab&nbsp;Les Amis d\u2019Ismail Kadar\u00e9&nbsp;\u00bb est une association (loi de 1901) enregistr\u00e9e \u00e0 la pr\u00e9fecture de la Dr\u00f4me.<\/p>\n\n\n\n<p><strong>\u00c9dition<\/strong><\/p>\n\n\n\n<p>Directeur de la publication : Mireille Clapot<br>Responsable \u00e9ditorial :<br>Adresse de contact :&nbsp;<a href=\"mailto:contact@cercle-pollen.org\">contact@lesamisdismailkadare.com<\/a><\/p>\n\n\n\n<p><strong>H\u00e9bergeur<\/strong><\/p>\n\n\n\n<p>OVH \u2013 2 rue Kellermann \u2013 59100 Roubaix<br>RCS Lille : 537 407 926<\/p>\n\n\n\n<p><strong>Propri\u00e9t\u00e9 intellectuelle<\/strong><\/p>\n\n\n\n<p>Tous les \u00e9l\u00e9ments pr\u00e9sents sur ce site, notamment les programmes, les \u00e9crits, les illustrations, les fichiers audio, les images et les vid\u00e9os (y compris les captures d\u2019\u00e9cran) sont prot\u00e9g\u00e9s par le droit d\u2019auteur. Toute reproduction ill\u00e9gale du contenu de ce site est strictement interdite par la loi.<\/p>\n\n\n\n<p><strong>Donn\u00e9es personnelles<\/strong><\/p>\n\n\n\n<p>En application de la loi n\u00b078-17 du 6 janvier 1978 relative \u00e0 l\u2019informatique, aux fichiers et aux libert\u00e9s, chaque internaute dispose des droits d\u2019opposition, d\u2019acc\u00e8s et de rectification des donn\u00e9es le concernant. Ainsi, il peut exiger que soient rectifi\u00e9es, compl\u00e9t\u00e9es, clarifi\u00e9es, mises \u00e0 jour ou effac\u00e9es les informations le concernant qui sont inexactes, incompl\u00e8tes, \u00e9quivoques, p\u00e9rim\u00e9es, ou dont la collecte ou l\u2019utilisation, la communication ou la conservation est interdite. Chaque internaute peut exercer ces droits en \u00e9crivant \u00e0:&nbsp;<a href=\"mailto:contact@cercle-pollen.org\">contact@lesamisdismailkadare.com<\/a><\/p>\n\n\n\n<p><strong>Conditions g\u00e9n\u00e9rales d\u2019utilisation<\/strong><\/p>\n\n\n\n<p><strong>ARTICLE 1. OBJET<\/strong><\/p>\n\n\n\n<p>Les pr\u00e9sentes Conditions G\u00e9n\u00e9rales d\u2019Utilisation d\u00e9terminent les r\u00e8gles d\u2019acc\u00e8s et les modalit\u00e9s d\u2019utilisation des services du site par tout Utilisateur du Site. Les CGU sont librement accessibles et consultables par toute personne naviguant\/utilisant le Site.<\/p>\n\n\n\n<p>Les CGU doivent \u00eatre accept\u00e9es dans leur int\u00e9gralit\u00e9 par tout Utilisateur souhaitant acc\u00e9der au Site. Elles constituent le contrat entre l\u2019\u00c9diteur du Site et l\u2019Utilisateur.<\/p>\n\n\n\n<p>L\u2019Utilisateur reconna\u00eet l\u2019accepter sans r\u00e9serve, quelques soient les moyens d\u2019acc\u00e8s et des versions existantes du Site, du seul fait de sa connexion au Site.<\/p>\n\n\n\n<p><strong>ARTICLE 2.&nbsp;D\u00c9FINITIONS<\/strong><\/p>\n\n\n\n<p>Cet article d\u00e9finit tous les termes essentiels contenus dans ces Conditions G\u00e9n\u00e9rales d\u2019Utilisation :<\/p>\n\n\n\n<p>\u00ab<strong>&nbsp;Conditions G\u00e9n\u00e9rales d\u2019utilisation&nbsp;\u00bb et \u00ab&nbsp;CGU&nbsp;<\/strong>\u00bb&nbsp;: termes d\u00e9signant les pr\u00e9sentes&nbsp;;<\/p>\n\n\n\n<p>\u00ab&nbsp;<strong>Donn\u00e9es \u00e0 caract\u00e8re personnel \u00bb :&nbsp;<\/strong>d\u00e9signent les donn\u00e9es (nom, pr\u00e9nom, adresse postale, adresse e-mail, etc.) transmises par l\u2019Utilisateur dans les diff\u00e9rentes rubriques du Site ;<\/p>\n\n\n\n<p>\u00ab&nbsp;<strong>\u00c9diteur&nbsp;<\/strong>\u00bb<strong>&nbsp;:&nbsp;<\/strong>l\u2019association<strong> \u00ab&nbsp;Les Amis d\u2019Ismail Kadar\u00e9&nbsp;\u00bb<\/strong> ;<\/p>\n\n\n\n<p>\u00ab<strong>&nbsp;Newsletter&nbsp;<\/strong>\u00bb<strong>&nbsp;:<\/strong>&nbsp;d\u00e9signe tout courriel d\u2019information envoy\u00e9 p\u00e9riodiquement par le Site.<\/p>\n\n\n\n<p>\u00ab<strong>&nbsp;Site&nbsp;<\/strong>\u00bb<strong>&nbsp;:&nbsp;<\/strong>d\u00e9signe le Site Web accessible \u00e0 l\u2019URL&nbsp;<a href=\"https:\/\/cercle-pollen.org\/\" target=\"_blank\" rel=\"noreferrer noopener\">https:\/\/lesamisdismailkadare.com<\/a><\/p>\n\n\n\n<p>\u00ab<strong>&nbsp;Utilisateur&nbsp;<\/strong>\u00bb : d\u00e9signe toute personne qui utilise le Site ou l\u2019un des services propos\u00e9s par le Site.<\/p>\n\n\n\n<p><strong>\u00ab Visiteur \u00bb<\/strong>&nbsp;: d\u00e9signe toute personne qui navigue, et utilise le Site sans n\u00e9cessairement utiliser les services du Site ;<\/p>\n\n\n\n<p><strong>ARTICLE 3.&nbsp;ACC\u00c8S AU SERVICE<\/strong><\/p>\n\n\n\n<p><strong>3.1.<\/strong>&nbsp;L\u2019acc\u00e8s au Site est totalement gratuit.<\/p>\n\n\n\n<p>L\u2019\u00c9diteur met tout en \u0153uvre pour que le Site soit accessible de mani\u00e8re permanente (24h\/24, 7 jours sur 7) \u00e0 tout Visiteur et Utilisateur disposant d\u2019une connexion au r\u00e9seau Internet. La disponibilit\u00e9 \u00e0 100% n\u2019est cependant pas garantie en raison des contraintes techniques inh\u00e9rentes du r\u00e9seau. &nbsp;<\/p>\n\n\n\n<p>Pour acc\u00e9der au Site, le Visiteur ou l\u2019Utilisateur doit \u00eatre muni d\u2019un mat\u00e9riel informatique personnel vierge de tout virus, cheval de Troie, bombe logique, ver informatique et de tout autre programme ind\u00e9sirable susceptible de perturber le fonctionnement et l\u2019utilisation du Site et\/ou la navigation sur le Site.<\/p>\n\n\n\n<p>Le Visiteur s\u2019engage \u00e0 mettre \u00e0 jour r\u00e9guli\u00e8rement ses \u00e9quipements, mat\u00e9riels et logiciels et connexions n\u00e9cessaires au fonctionnement normal du Site.<\/p>\n\n\n\n<p><strong>3.2.<\/strong>&nbsp;Le directeur de la publication du Site ne saurait \u00eatre tenu pour responsable de l\u2019indisponibilit\u00e9 \u00e9ventuelle du Site pour des raisons techniques, et notamment en cas de :<\/p>\n\n\n\n<ul class=\"wp-block-list\">\n<li>maintenance du Site (en ce compris la maintenance corrective ou la maintenance \u00e9volutive), y compris lorsque l\u2019intervention de maintenance est r\u00e9alis\u00e9e par des tiers d\u00fbment et express\u00e9ment autoris\u00e9s par l\u2019\u00c9diteur ;<\/li>\n\n\n\n<li>survenance d\u2019un \u00e9v\u00e9nement impr\u00e9visible, insurmontable et ext\u00e9rieur, rev\u00eatant ainsi le caract\u00e8re de force majeure ;<\/li>\n\n\n\n<li>d\u00e9faillance du r\u00e9seau Internet et\/ou du r\u00e9seau t\u00e9l\u00e9phonique&nbsp;;<\/li>\n\n\n\n<li>d\u2019attaques informatiques ou de toute op\u00e9ration perturbant, m\u00eame de mani\u00e8re minime, le fonctionnement\/l\u2019utilisation\/la navigation du Site&nbsp;;<\/li>\n\n\n\n<li>d\u00e9faillance des serveurs d\u2019h\u00e9bergement.<\/li>\n<\/ul>\n\n\n\n<p>Le Site pourra \u00eatre modifi\u00e9 ou l\u2019acc\u00e8s suspendu de mani\u00e8re unilat\u00e9rale et sans pr\u00e9avis par l\u2019\u00c9diteur, sans que cela n\u2019accorde un quelconque droit au Visiteur et\/ou \u00e0 l\u2019Utilisateur.<\/p>\n\n\n\n<p>Il appartient \u00e0 chaque Visiteur et\/ou Utilisateur de s\u2019informer sur la s\u00e9curit\u00e9 informatique et la s\u00e9curit\u00e9 des r\u00e9seaux, et de prendre en cons\u00e9quence toutes les mesures appropri\u00e9es de fa\u00e7on \u00e0 prot\u00e9ger ses propres donn\u00e9es, logiciels et mat\u00e9riels de la contamination par des virus ou autres formes d\u2019attaques circulant \u00e9ventuellement \u00e0 travers le Site ou les contenus du Site.<\/p>\n\n\n\n<p>L\u2019\u00c9diteur&nbsp; ne peut garantir et affirmer :<\/p>\n\n\n\n<ul class=\"wp-block-list\">\n<li>que le Site est exempt de virus, programmes d\u2019\u00e9crasement des donn\u00e9es, chevaux de Troie ou autre mat\u00e9riel de destruction ;<\/li>\n\n\n\n<li>que les informations contenues dans le Site sont exactes, compl\u00e8tes ou \u00e0 jour.<\/li>\n<\/ul>\n\n\n\n<p>Le Site peut contenir des impr\u00e9cisions techniques ou d\u2019autres d\u00e9fauts, l\u2019\u00c9diteur ne garantit pas la correction de ces d\u00e9fauts. Le Site et son contenu sont pr\u00e9sent\u00e9s \u201cen l\u2019\u00e9tat\u201d. L\u2019\u00c9diteur exclut express\u00e9ment toute forme de garantie, et notamment, toute garantie implicite relative aux conditions usuelles d\u2019usage du site ou de l\u2019aptitude du site \u00e0 un usage normal ou \u00e0 une utilisation sp\u00e9cifique, \u00e0 sa qualit\u00e9 ou au respect de toutes dispositions l\u00e9gales. La pr\u00e9sente limitation de responsabilit\u00e9 s\u2019applique dans toute la mesure autoris\u00e9e par la loi.<\/p>\n\n\n\n<p><strong>ARTICLE 4.&nbsp;NEWSLETTER<\/strong><\/p>\n\n\n\n<p><strong>4.1. Inscription<\/strong><\/p>\n\n\n\n<p>Le Visiteur peut s\u2019inscrire \u00e0 la Newsletter du Site.<\/p>\n\n\n\n<p>Tout Utilisateur s\u2019engage \u00e0 fournir des informations exactes, sinc\u00e8res et \u00e0 jour lorsque celles-ci leur sont demand\u00e9es \u00e0 l\u2019occasion de tout formulaire de collecte de donn\u00e9es ou d\u2019\u00e9changes avec les adresses de contact du Site.<\/p>\n\n\n\n<p><strong>4.2. D\u00e9sinscription<\/strong><\/p>\n\n\n\n<p>L\u2019Utilisateur a la possibilit\u00e9 de se d\u00e9sinscrire de la Newsletter \u00e0 tout moment en cliquant sur le lien pr\u00e9vu \u00e0 cet effet dans les Newsletters ou adressant sa demande \u00e0 l\u2019adresse&nbsp;<a href=\"mailto:contact@cercle-pollen.org\">contact@lesamisdismailkadare.com<\/a><\/p>\n\n\n\n<p><strong>ARTICLE 5.&nbsp;DROITS DE PROPRI\u00c9T\u00c9 INTELLECTUELLE<\/strong><\/p>\n\n\n\n<p>Les pages du Site, les bases de donn\u00e9es, textes, logos, graphiques, logiciels, extraits vid\u00e9o, extraits sonores, photographies, images,&nbsp;<em>etc.,<\/em>&nbsp;figurant sur le Site sont prot\u00e9g\u00e9s par le droit de la propri\u00e9t\u00e9 intellectuelle, notamment par des droits d\u2019auteur, droit \u00e0 l\u2019image, droits voisins, droit des bases de donn\u00e9es et droits des marques.<\/p>\n\n\n\n<p>L\u2019\u00c9diteur est titulaire des droits de propri\u00e9t\u00e9 intellectuelle du Site pris dans sa globalit\u00e9, ainsi que pour chacun des \u00e9l\u00e9ments qui le compose.<\/p>\n\n\n\n<p>Le Visiteur et l\u2019Utilisateur ne pourront en aucun cas se voir conf\u00e9rer un quelconque droit de propri\u00e9t\u00e9 sur le Site.<\/p>\n\n\n\n<p>En cons\u00e9quence, toute copie, reproduction, repr\u00e9sentation, adaptation, traduction, modification, diffusion, et\/ou transformation, partielle ou int\u00e9grale, ou transfert sur un autre site des donn\u00e9es et contenus du Site sans le consentement expr\u00e8s et \u00e9crit de l\u2019\u00c9diteur est interdit et constituerait une contrefa\u00e7on au sens de du Code de la Propri\u00e9t\u00e9 Intellectuelle, sous r\u00e9serve des exceptions l\u00e9gales pr\u00e9vues.<\/p>\n\n\n\n<p><strong>ARTICLE 6.&nbsp;DONN\u00c9ES A CARACT\u00c8RE PERSONNEL<\/strong><\/p>\n\n\n\n<p>Le Visiteur et l\u2019Utilisateur sont inform\u00e9s que, lors de la navigation sur le Site ou de l\u2019utilisation de celui-ci, des donn\u00e9es \u00e0 caract\u00e8re personnel les concernant peuvent \u00eatre collect\u00e9es via les formulaires de collecte de donn\u00e9es qu\u2019ils remplissent, notamment en cas de demande de contact.<\/p>\n\n\n\n<p><strong>6.1. Finalit\u00e9s de la collecte<\/strong><\/p>\n\n\n\n<p>Les informations recueillies sont enregistr\u00e9es dans un fichier informatis\u00e9 par l\u2019\u00c9diteur.<\/p>\n\n\n\n<p>Lorsque vous souscrivez aux services du Site, vous autorisez l\u2019\u00c9diteur \u00e0 utiliser vos donn\u00e9es pour les finalit\u00e9s suivantes&nbsp;:&nbsp;<\/p>\n\n\n\n<ul class=\"wp-block-list\">\n<li>la gestion des contacts r\u00e9guliers\/occasionnels avec l\u2019\u00c9diteur ;<\/li>\n\n\n\n<li>la gestion des op\u00e9rations de communication effectu\u00e9es au profit de l\u2019\u00c9diteur via la Newsletter.<\/li>\n<\/ul>\n\n\n\n<p>Pour les autres finalit\u00e9s, le traitement et la conservation des donn\u00e9es rel\u00e8vent du consentement donn\u00e9 par l\u2019Utilisateur.<\/p>\n\n\n\n<p>Toutes les fois o\u00f9 un traitement est mis en \u0153uvre en raison du consentement des personnes concern\u00e9es, ces derni\u00e8res ont la facult\u00e9 de retirer leur consentement \u00e0 tout moment.&nbsp;<\/p>\n\n\n\n<p>L\u2019absence de communication des donn\u00e9es requises ou le retrait du consentement des personnes concern\u00e9es ne permettront pas de donner suite \u00e0 votre demande.<\/p>\n\n\n\n<p><strong>6.2. Conservation des donn\u00e9es<\/strong><\/p>\n\n\n\n<p>Pour la gestion des contacts r\u00e9guliers\/occasionnels&nbsp;et les op\u00e9rations de communication politique : les donn\u00e9es vous concernant pourront \u00eatre conserv\u00e9es trois ans \u00e0 compter du dernier contact \u00e0 votre initiative avec l\u2019\u00c9diteur.<\/p>\n\n\n\n<p><strong>6.3. Communication des donn\u00e9es<\/strong>&nbsp;<\/p>\n\n\n\n<p>Les donn\u00e9es ne seront communiqu\u00e9es qu\u2019aux \u00e9quipes de l\u2019\u00c9diteur habilit\u00e9es \u00e0 g\u00e9rer ces traitements au sein de l\u2019association, ainsi qu\u2019aux \u00e9ventuels prestataires charg\u00e9s de la r\u00e9alisation des op\u00e9rations de communication politique de L\u2019\u00c9diteur qui seront \u00e9galement soumis contractuellement \u00e0 une stricte obligation de s\u00e9curit\u00e9 et de respect des droits des personnes.<\/p>\n\n\n\n<p><strong>6.4. Transfert de donn\u00e9es hors de l\u2019Union Europ\u00e9enne<\/strong><\/p>\n\n\n\n<p>Certains de nos partenaires peuvent avoir des activit\u00e9s dans des pays situ\u00e9s en dehors de l\u2019Union Europ\u00e9enne, notamment aux fins d\u2019h\u00e9bergement des donn\u00e9es. Vos donn\u00e9es pourront \u00eatre transf\u00e9r\u00e9es soit dans des pays pr\u00e9sentant une protection ad\u00e9quate au regard des garanties impos\u00e9es par la r\u00e9glementation soit en contrepartie de garanties juridiques telles que la signature de clauses contractuelles types avec l\u2019entreprise prestataire.<\/p>\n\n\n\n<p><strong>6.5 Vos Droits<\/strong><\/p>\n\n\n\n<p>Conform\u00e9ment \u00e0 la r\u00e9glementation, vous disposez d\u2019un droit d\u2019opposition et d\u2019un droit \u00e0 la limitation du traitement de donn\u00e9es vous concernant, ainsi que d\u2019un droit d\u2019acc\u00e8s, de rectification, de portabilit\u00e9 et d\u2019effacement de vos donn\u00e9es.<\/p>\n\n\n\n<p>Vous disposez \u00e9galement de la facult\u00e9 de donner des directives sur le sort de vos donn\u00e9es apr\u00e8s votre d\u00e9c\u00e8s.<\/p>\n\n\n\n<p>Vous pouvez exercer vos droits en nous adressant votre demande \u00e0 l\u2019adresse postale ou \u00e9lectronique suivante :&nbsp;<a href=\"mailto:contact@cercle-pollen.org\">contact@lesamisdismailkadare.com<\/a><\/p>\n\n\n\n<p>Enfin, si l\u2019\u00c9diteur ne satisfait pas \u00e0 vos demandes, vous disposez du droit d\u2019introduire une r\u00e9clamation aupr\u00e8s d\u2019une autorit\u00e9 de protection des donn\u00e9es.<\/p>\n\n\n\n<p><strong>ARTICLE 7.&nbsp;LIENS<\/strong><\/p>\n\n\n\n<p>Le directeur de la publication ne peut \u00eatre tenu responsable du contenu des sites partenaires sur lesquels le Site renvoie par le biais de liens hypertextes ou de r\u00e9f\u00e9rences, notamment des propos, articles, images, vid\u00e9os, ou tout autre \u00e9l\u00e9ment, diffus\u00e9s par ces sites partenaires.<\/p>\n\n\n\n<p>Il en sera de m\u00eame lors de l\u2019utilisation des boutons de partage de r\u00e9seaux sociaux, tels que Instagram ou Linkdin.<\/p>\n\n\n\n<p><strong>ARTICLE 8. ENGAGEMENT DES UTILISATEURS&nbsp;<\/strong><\/p>\n\n\n\n<p>Dans le cadre de son usage du Site, l\u2019Utilisateur s\u2019engage \u00e0 respecter la l\u00e9gislation applicable.<br><br>En l\u2019absence d\u2019autorisation pr\u00e9alable et \u00e9crite de l\u2019\u00c9diteur, il est interdit :<\/p>\n\n\n\n<ul class=\"wp-block-list\">\n<li>d\u2019ins\u00e9rer des informations fausses ou non pertinentes sur le Site ;<\/li>\n\n\n\n<li>de publier ou transmettre sur ou par le biais du Site des contenus \u00e0 caract\u00e8re illicite, mena\u00e7ant, humiliant, diffamatoire, obsc\u00e8ne, haineux, pornographique ou blasph\u00e9matoire, ou tout autre message qui pourrait constituer un crime ou un d\u00e9lit, engager la responsabilit\u00e9 civile, porter atteinte \u00e0 la l\u00e9gislation ou inciter au faire, ou encore des contenus qui pourraient \u00eatre utilis\u00e9s \u00e0 toute fin contraire \u00e0 la loi ou aux pr\u00e9sentes conditions d\u2019utilisation ;<\/li>\n\n\n\n<li>d\u2019utiliser le Site de mani\u00e8re \u00e0 ce que, de notre point de vue, les performances ou les fonctionnalit\u00e9s du Site, ou de tout autre syst\u00e8me informatique ou r\u00e9seau utilis\u00e9 par l\u2019\u00c9diteur, soient impact\u00e9s n\u00e9gativement ou que les Utilisateurs du Site soient n\u00e9gativement affect\u00e9s ;<\/li>\n\n\n\n<li>de charger ou transmettre sur le site ou utiliser tout \u00e9quipement, logiciel ou routine qui contienne des virus, chevaux de Troie, vers, bombes \u00e0 retardement ou autres programmes et proc\u00e9d\u00e9s destin\u00e9s \u00e0 endommager, interf\u00e9rer ou tenter d\u2019interf\u00e9rer avec le fonctionnement normal du Site, ou s\u2019approprier le Site, ou encore recourir \u00e0 n\u2019importe quel moyen pour causer une saturation de nos syst\u00e8mes ou porter atteinte aux droits de tiers.<\/li>\n<\/ul>\n\n\n\n<p>Il est rappel\u00e9 que les articles 323-1 et suivants du code p\u00e9nal sanctionnent par des peines allant jusqu\u2019\u00e0 cinq (5) ans d\u2019emprisonnement et 150 000 euros d\u2019amende, notamment :<\/p>\n\n\n\n<ul class=\"wp-block-list\">\n<li>l\u2019acc\u00e8s et le maintien frauduleux dans un syst\u00e8me de traitement automatis\u00e9 de donn\u00e9es ;<\/li>\n\n\n\n<li>la suppression, la modification ou l\u2019ajout frauduleux de donn\u00e9es dans ce syst\u00e8me ;<\/li>\n\n\n\n<li>le fait d\u2019entraver ce syst\u00e8me.<\/li>\n<\/ul>\n\n\n\n<p><strong>ARTICLE 9. LIMITATION DE RESPONSABILIT\u00c9<\/strong><\/p>\n\n\n\n<p>L\u2019\u00c9diteur ne pourra en aucun cas \u00eatre tenue responsable vis-\u00e0-vis de vous ou d\u2019un tiers de tout dommage indirect, incident, sp\u00e9cial ou accessoire &#8211; ce qui inclut, sans que cela soit exhaustif, toute perte de b\u00e9n\u00e9fice ou autre perte indirecte -, r\u00e9sultant de votre utilisation du Site ou de votre incapacit\u00e9 \u00e0 l\u2019utiliser.<\/p>\n\n\n\n<p><strong>ARTICLE 10. MODIFICATIONS DES CGU<\/strong><\/p>\n\n\n\n<p>Le directeur de la publication se r\u00e9serve le droit d\u2019apporter tous changements et corrections aux pr\u00e9sentes CGU et \u00e0 en informer l\u2019Utilisateur.<\/p>\n\n\n\n<p><strong>ARTICLE 11.&nbsp;NULLIT\u00c9<\/strong><\/p>\n\n\n\n<p>Si une ou plusieurs clauses des pr\u00e9sentes CGU \u00e9taient d\u00e9clar\u00e9es nulles ou invalides en application d\u2019une loi, d\u2019un r\u00e8glement ou \u00e0 la suite d\u2019une d\u00e9cision d\u00e9finitive d\u2019une juridiction comp\u00e9tente, les autres articles\/clauses garderont toute leur force et toute leur port\u00e9e.<\/p>\n\n\n\n<p><strong>ARTICLE 12.&nbsp;DUR\u00c9E<\/strong><\/p>\n\n\n\n<p>Les CGU s\u2019appliquent d\u00e8s la premi\u00e8re connexion au Site et lors de son utilisation. La dur\u00e9e des CGU est ind\u00e9termin\u00e9e.<\/p>\n\n\n\n<p><strong>ARTICLE 13.&nbsp;LOI APPLICABLE ET COMP\u00c9TENCE JURIDICTIONNELLE<\/strong><\/p>\n\n\n\n<p>Les pr\u00e9sentes CGU sont r\u00e9gies par le droit fran\u00e7ais. Seule la version fran\u00e7aise fera foi. Les \u00e9ventuelles traductions des pr\u00e9sentes CGU sont uniquement fournies par commodit\u00e9.<\/p>\n\n\n\n<p>Tout litige survenant \u00e0 l\u2019occasion de l\u2019utilisation du Site, ou de l\u2019application et de l\u2019interpr\u00e9tation des pr\u00e9sentes Conditions G\u00e9n\u00e9rales d\u2019Utilisation, ses cons\u00e9quences, et ses suites sont soumis \u00e0 la loi fran\u00e7aise et \u00e0 la comp\u00e9tence des juridictions fran\u00e7aises.<\/p>\n\n\n\n<p>En utilisant ce site, vous acceptez notre utilisation des cookies. Nous utilisons des cookies pour vous fournir une exp\u00e9rience am\u00e9lior\u00e9e et pour optimiser le bon fonctionnement de notre site Web.<\/p>\n\n\n\n<p><strong>Politique d\u2019utilisation des cookies<\/strong><\/p>\n\n\n\n<p><strong>ARTICLE 1. D\u00c9FINITION&nbsp;<\/strong><\/p>\n\n\n\n<p>Les fichiers Cookies sont des fichiers texte non ex\u00e9cutables d\u00e9pos\u00e9s sur l\u2019ordinateur du Visiteur&nbsp;et\/ou l\u2019Utilisateur \u00e0 d\u00e9faut d\u2019opposition de leur part, pendant la navigation. En continuant d\u2019utiliser le Site et les services, le Visiteur et\/ou l\u2019Utilisateur accepte le d\u00e9p\u00f4t de Cookies sur son terminal. Lorsque le Visiteur et\/ou l\u2019Utilisateur visite le Site, des cookies peuvent \u00eatre install\u00e9s sur son \u00e9quipement terminal.<\/p>\n\n\n\n<p>En poursuivant la navigation sur le Site, le Visiteur et\/ou l\u2019Utilisateur accepte l\u2019utilisation de cookies mais peut n\u00e9anmoins s\u2019y opposer et les supprimer en utilisant les param\u00e8tres de leur navigateur comme indiqu\u00e9 \u00e0 l\u2019article 3 ci-dessous.<\/p>\n\n\n\n<p>Ces outils ont pour seule vocation de mieux comprendre la fa\u00e7on dont les Visiteurs utilisent les services propos\u00e9s sur Site.<\/p>\n\n\n\n<p>La dur\u00e9e de conservation de validit\u00e9 du consentement au d\u00e9p\u00f4t de cookies sur le terminal du Visiteur &nbsp;et\/ou l\u2019Utilisateur.est de treize (13) mois maximum.<\/p>\n\n\n\n<p><strong>ARTICLE 2.&nbsp;UTILISATION<\/strong><\/p>\n\n\n\n<p>La m\u00e9morisation de Cookies sur l\u2019ordinateur du Visiteur et\/ou l\u2019Utilisateur. permet \u00e0 l\u2019\u00c9diteur de personnaliser son navigation sur notre site et de rendre votre prochaine visite plus agr\u00e9able et intuitive. Le rejet complet des fichiers Cookies peut donc emp\u00eacher le Visiteur et\/ou l\u2019Utilisateur de profiter pleinement des fonctionnalit\u00e9s offertes sur le pr\u00e9sent site.<\/p>\n\n\n\n<p>L\u2019\u00c9diteur peut \u00eatre amen\u00e9 \u00e0 utiliser d\u2019autres technologies similaires (Cookies Flash, Web Storage\u2026).&nbsp;<\/p>\n\n\n\n<p>Les Cookies \u00e9mis sur le Site nous sont n\u00e9cessaires pour :<\/p>\n\n\n\n<ul class=\"wp-block-list\">\n<li>\u00e9tablir des statistiques et volumes de fr\u00e9quentation et d\u2019utilisation des divers \u00e9l\u00e9ments composant le site permettant d\u2019am\u00e9liorer l\u2019int\u00e9r\u00eat et l\u2019ergonomie des services&nbsp;;<\/li>\n\n\n\n<li>adapter la pr\u00e9sentation du site aux pr\u00e9f\u00e9rences d\u2019affichage du terminal&nbsp;;<\/li>\n\n\n\n<li>m\u00e9moriser des informations relatives \u00e0 un formulaire rempli sur le site (inscription ou messages envoy\u00e9s via les formulaires ad\u00e9quats)&nbsp;;<\/li>\n\n\n\n<li>mettre en \u0153uvre des mesures de s\u00e9curit\u00e9.<\/li>\n<\/ul>\n\n\n\n<p>L\u2019\u00c9diteur utilise \u00e9galement des technologies tierces susceptibles de d\u00e9poser des cookies de mesure d\u2019audience sur votre terminal, commeGoogle Analytics.<\/p>\n\n\n\n<p><strong>ARTICLE 3.&nbsp;ACTIVATION\/D\u00c9SACTIVATION DES COOKIES<\/strong><\/p>\n\n\n\n<p><strong>3.1. Activation\/D\u00e9sactivation des Cookies sur les navigateurs<\/strong>&nbsp;<\/p>\n\n\n\n<p>La plupart des navigateurs sont param\u00e9tr\u00e9s pour accepter automatiquement les Cookies. Le Visiteur et\/ou l\u2019Utilisateur peut bloquer l\u2019installation de Cookies sur leur ordinateur ou autre dispositif en modifiant le param\u00e9trage de leur navigateur, conform\u00e9ment aux instructions re\u00e7ues de la part de leur fournisseur de navigateur Internet ou de tout autre dispositif.<\/p>\n\n\n\n<ul class=\"wp-block-list\">\n<li><strong>Internet<\/strong>&nbsp;<strong>Explorer<\/strong>&nbsp;:&nbsp;<a href=\"http:\/\/windows.microsoft.com\/fr-FR\/windows-vista\/Block-or-allow-cookies\">http:\/\/windows.microsoft.com\/fr-FR\/windows-vista\/Block-or-allow-cookies<\/a>,<\/li>\n\n\n\n<li><strong>Safari<\/strong>&nbsp;:&nbsp;<a href=\"http:\/\/docs.info.apple.com\/article.html?path=Safari\/3.0\/fr\/9277.html\">http:\/\/docs.info.apple.com\/article.html?path=Safari\/3.0\/fr\/9277.html<\/a>,<\/li>\n\n\n\n<li><strong>Chrome<\/strong>&nbsp;:&nbsp;<a href=\"http:\/\/support.google.com\/chrome\/bin\/answer.py?hl=fr&amp;hlrm=en&amp;answer=95647\">http:\/\/support.google.com\/chrome\/bin\/answer.py?hl=fr&amp;hlrm=en&amp;answer=95647<\/a>,<\/li>\n\n\n\n<li><strong>Firefox<\/strong>&nbsp;:&nbsp;<a href=\"http:\/\/support.mozilla.org\/fr\/kb\/Activer%20et%20d%C3%A9sactiver%20les%20cookies\">http:\/\/support.mozilla.org\/fr\/kb\/Activer%20et%20d%C3%A9sactiver%20les%20cookies<\/a>,<\/li>\n\n\n\n<li><strong>Opera<\/strong>&nbsp;:&nbsp;<a href=\"http:\/\/help.opera.com\/Windows\/10.20\/fr\/cookies.html\">http:\/\/help.opera.com\/Windows\/10.20\/fr\/cookies.html<\/a>.<\/li>\n<\/ul>\n\n\n\n<p>En ne bloquant pas l\u2019installation des Cookies via les param\u00e9trages propos\u00e9s ci-dessus, le Visiteur et\/ou l\u2019Utilisateur accepte l\u2019utilisation par l\u2019\u00c9diteur.<\/p>\n\n\n\n<p><\/p>\n","protected":false},"excerpt":{"rendered":"<p>\u00ab&nbsp;Les Amis d\u2019Ismail Kadar\u00e9&nbsp;\u00bb est une association (loi de 1901) enregistr\u00e9e \u00e0 la pr\u00e9fecture de la Dr\u00f4me. \u00c9dition Directeur de la publication : Mireille ClapotResponsable \u00e9ditorial :Adresse de contact :&nbsp;contact@lesamisdismailkadare.com H\u00e9bergeur OVH \u2013 2 rue Kellermann \u2013 59100 RoubaixRCS Lille : 537 407 926 Propri\u00e9t\u00e9 intellectuelle Tous les \u00e9l\u00e9ments pr\u00e9sents sur ce site, notamment les&hellip;<\/p>\n","protected":false},"author":1,"featured_media":0,"parent":0,"menu_order":0,"comment_status":"closed","ping_status":"closed","template":"","meta":{"footnotes":""},"class_list":["post-418","page","type-page","status-publish","hentry"],"_links":{"self":[{"href":"https:\/\/lesamisdismailkadare.com\/index.php?rest_route=\/wp\/v2\/pages\/418","targetHints":{"allow":["GET"]}}],"collection":[{"href":"https:\/\/lesamisdismailkadare.com\/index.php?rest_route=\/wp\/v2\/pages"}],"about":[{"href":"https:\/\/lesamisdismailkadare.com\/index.php?rest_route=\/wp\/v2\/types\/page"}],"author":[{"embeddable":true,"href":"https:\/\/lesamisdismailkadare.com\/index.php?rest_route=\/wp\/v2\/users\/1"}],"replies":[{"embeddable":true,"href":"https:\/\/lesamisdismailkadare.com\/index.php?rest_route=%2Fwp%2Fv2%2Fcomments&post=418"}],"version-history":[{"count":5,"href":"https:\/\/lesamisdismailkadare.com\/index.php?rest_route=\/wp\/v2\/pages\/418\/revisions"}],"predecessor-version":[{"id":424,"href":"https:\/\/lesamisdismailkadare.com\/index.php?rest_route=\/wp\/v2\/pages\/418\/revisions\/424"}],"wp:attachment":[{"href":"https:\/\/lesamisdismailkadare.com\/index.php?rest_route=%2Fwp%2Fv2%2Fmedia&parent=418"}],"curies":[{"name":"wp","href":"https:\/\/api.w.org\/{rel}","templated":true}]}}