{"id":96,"date":"2025-07-12T14:14:20","date_gmt":"2025-07-12T14:14:20","guid":{"rendered":"http:\/\/lesamisdismailkadare.com\/?page_id=96"},"modified":"2026-01-05T16:36:34","modified_gmt":"2026-01-05T16:36:34","slug":"adherer-en-ligne","status":"publish","type":"page","link":"https:\/\/lesamisdismailkadare.com\/?page_id=96","title":{"rendered":"Adh\u00e9rer en ligne"},"content":{"rendered":"\n<p>Ce lien vous oriente sur la page \u00ab\u00a0HelloAsso\u00a0\u00bb sur laquelle vous pouvez payer par carte bancaire de fa\u00e7on s\u00e9curis\u00e9e.<\/p>\n\n\n\n<p>Votre soutien est pr\u00e9cieux pour r\u00e9aliser nos diff\u00e9rents projets, dont la construction de ce site.<\/p>\n\n\n\n<p>HelloAsso vous sugg\u00e8re de lui faire une donation, mais ce n&rsquo;est pas obligatoire.<\/p>\n\n\n\n<iframe id=\"haWidget\" allowtransparency=\"true\" src=\"https:\/\/www.helloasso.com\/associations\/les-amis-d-ismail-kadare\/adhesions\/adhesion-a-les-amis-d-ismail-kadare-2\/widget\" style=\"width: 100%; border: none;\" onload=\"window.addEventListener( 'message', function(e) { const dataHeight = e.data.height; const haWidgetElement = document.getElementById('haWidget'); haWidgetElement.height = dataHeight + 'px'; } )\" ><\/iframe>\n\n\n\n<figure class=\"wp-block-image size-full\"><img decoding=\"async\" src=\"http:\/\/lesamisdismailkadare.com\/wp-content\/uploads\/2025\/07\/20250603_IK_logo.jpg\" alt=\"\" class=\"wp-image-185\"\/><\/figure>\n\n\n\n<p><\/p>\n","protected":false},"excerpt":{"rendered":"<p>Ce lien vous oriente sur la page \u00ab\u00a0HelloAsso\u00a0\u00bb sur laquelle vous pouvez payer par carte bancaire de fa\u00e7on s\u00e9curis\u00e9e. Votre soutien est pr\u00e9cieux pour r\u00e9aliser nos diff\u00e9rents projets, dont la construction de ce site. HelloAsso vous sugg\u00e8re de lui faire une donation, mais ce n&rsquo;est pas obligatoire.<\/p>\n","protected":false},"author":1,"featured_media":0,"parent":0,"menu_order":0,"comment_status":"closed","ping_status":"closed","template":"","meta":{"footnotes":""},"class_list":["post-96","page","type-page","status-publish","hentry"],"_links":{"self":[{"href":"https:\/\/lesamisdismailkadare.com\/index.php?rest_route=\/wp\/v2\/pages\/96","targetHints":{"allow":["GET"]}}],"collection":[{"href":"https:\/\/lesamisdismailkadare.com\/index.php?rest_route=\/wp\/v2\/pages"}],"about":[{"href":"https:\/\/lesamisdismailkadare.com\/index.php?rest_route=\/wp\/v2\/types\/page"}],"author":[{"embeddable":true,"href":"https:\/\/lesamisdismailkadare.com\/index.php?rest_route=\/wp\/v2\/users\/1"}],"replies":[{"embeddable":true,"href":"https:\/\/lesamisdismailkadare.com\/index.php?rest_route=%2Fwp%2Fv2%2Fcomments&post=96"}],"version-history":[{"count":9,"href":"https:\/\/lesamisdismailkadare.com\/index.php?rest_route=\/wp\/v2\/pages\/96\/revisions"}],"predecessor-version":[{"id":801,"href":"https:\/\/lesamisdismailkadare.com\/index.php?rest_route=\/wp\/v2\/pages\/96\/revisions\/801"}],"wp:attachment":[{"href":"https:\/\/lesamisdismailkadare.com\/index.php?rest_route=%2Fwp%2Fv2%2Fmedia&parent=96"}],"curies":[{"name":"wp","href":"https:\/\/api.w.org\/{rel}","templated":true}]}}